ghest common divisor of 2214 and 47191?
41
Calculate the highest common factor of 1080688 and 16.
16
What is the greatest common divisor of 6150 and 10988?
82
Calculate the greatest common divisor of 340 and 1105.
85
Calculate the highest common factor of 528 and 135872.
176
What is the highest common factor of 120553 and 145?
29
What is the greatest common factor of 304 and 1504?
16
What is the highest common factor of 212 and 740?
4
What is the greatest common divisor of 164 and 175316?
164
What is the greatest common divisor of 39425 and 125?
25
Calculate the greatest common divisor of 32 and 1458.
2
What is the greatest common divisor of 42 and 1931594?
14
What is the greatest common divisor of 15 and 260745?
15
What is the greatest common divisor of 5200 and 237200?
400
What is the highest common factor of 121105 and 258205?
2285
What is the greatest common divisor of 3309 and 93?
3
Calculate the greatest common factor of 1152 and 752.
16
Calculate the greatest common factor of 143430 and 798.
42
What is the greatest common divisor of 17380 and 2860?
220
Calculate the highest common factor of 8 and 25950496.
8
What is the highest common factor of 10500 and 1545?
15
What is the greatest common factor of 1101056 and 1122?
374
Calculate the highest common factor of 295 and 150863.
59
What is the greatest common divisor of 36992 and 2890?
578
What is the greatest common divisor of 154 and 437668?
154
What is the highest common factor of 1449 and 2323?
23
What is the greatest common factor of 5360 and 6?
2
Calculate the greatest common divisor of 350 and 53830.
70
What is the highest common factor of 299351 and 52?
13
Calculate the greatest common divisor of 39031 and 1840.
23
Calculate the highest common divisor of 37819 and 57049.
641
What is the highest common divisor of 484 and 41481?
11
What is the greatest common factor of 39546 and 6786?
234
What is the highest common divisor of 164356 and 7888?
68
What is the highest common factor of 93751 and 1239?
413
Calculate the highest common divisor of 20624 and 32.
16
What is the highest common divisor of 744 and 185907?
93
Calculate the greatest common factor of 199186 and 104.
26
What is the highest common factor of 33 and 264561?
33
What is the highest common factor of 27853 and 28?
7
Calculate the greatest common divisor of 1020800 and 725.
725
What is the highest common divisor of 84451 and 869?
79
What is the greatest common factor of 1280 and 1000?
40
What is the highest common divisor of 34 and 1188691?
17
Calculate the highest common factor of 11 and 160039.
11
What is the highest common factor of 55342 and 226058?
938
Calculate the greatest common divisor of 144 and 17352.
72
Calculate the highest common factor of 1512 and 31512.
24
What is the highest common divisor of 349286 and 1952?
122
What is the highest common divisor of 44 and 744711?
11
What is the greatest common factor of 549 and 151707?
183
Calculate the greatest common divisor of 105504 and 126.
42
Calculate the greatest common divisor of 20 and 2194.
2
What is the greatest common factor of 963 and 219885?
321
What is the greatest common divisor of 72 and 229734?
18
What is the highest common divisor of 8 and 100202?
2
Calculate the greatest common divisor of 42 and 1576246.
14
What is the greatest common divisor of 1400 and 97160?
280
Calculate the highest common factor of 1377 and 550341.
459
What is the greatest common divisor of 143 and 2522?
13
Calculate the highest common divisor of 1320 and 648480.
120
Calculate the highest common factor of 132118 and 70.
14
Calculate the highest common divisor of 11169 and 157743.
153
What is the highest common divisor of 6868 and 3060?
68
Calculate the greatest common factor of 164 and 12218.
82
What is the highest common factor of 191 and 9317171?
191
What is the highest common divisor of 3568 and 67346?
446
What is the highest common factor of 84 and 1247876?
28
What is the greatest common divisor of 91 and 37921?
13
Calculate the highest common factor of 36232 and 112.
56
What is the greatest common factor of 7284600 and 284?
284
What is the greatest common factor of 240 and 13860?
60
What is the greatest common factor of 1782 and 1359?
9
What is the greatest common divisor of 143 and 384098?
143
Calculate the greatest common divisor of 28226 and 77.
11
Calculate the greatest common factor of 288 and 11808.
288
Calculate the highest common factor of 365760 and 2112.
192
What is the highest common divisor of 918 and 14450?
34
Calculate the greatest common factor of 7 and 46571.
7
What is the highest common factor of 1152 and 83196?
36
What is the highest common divisor of 156 and 1806402?
78
Calculate the highest common factor of 11975 and 12454.
479
Calculate the highest common factor of 26 and 544115.
13
What is the highest common divisor of 11744 and 192?
32
What is the greatest common divisor of 381 and 3556?
127
Calculate the greatest common divisor of 410580 and 60.
60
Calculate the highest common factor of 1764 and 22148.
196
What is the highest common factor of 6095000 and 8?
8
Calculate the highest common factor of 65856 and 384.
192
What is the highest common divisor of 1332560 and 16?
16
Calculate the highest common divisor of 6010 and 1370.
10
Calculate the greatest common divisor of 172282 and 66.
22
What is the highest common factor of 2834 and 221?
13
Calculate the greatest common factor of 43758 and 13.
13
Calculate the greatest common divisor of 840 and 31290.
210
What is the greatest common factor of 21814 and 781948?
1678
What is the greatest common divisor of 3856466 and 586?
586
Calculate the highest common divisor of 997212 and 12.
12
Calculate the highest common factor of 23856 and 1680.
336
Calculate the highest common divisor of 115905 and 75.
15
What is the highest common divisor of 716 and 275481?
179
What is the highest common factor of 23 and 316963?
23
What is the highest common factor of 816 and 152048?
272
What is the highest common divisor of 28152 and 544?
136
What is the highest common divisor of 471002 and 833?
119
Calculate the highest common divisor of 86 and 139.
1
What is the highest common divisor of 144 and 18048?
48
Calculate the highest common divisor of 437 and 7068.
19
Calculate the greatest common factor of 82 and 1084.
2
Calculate the greatest common divisor of 59348 and 444.
148
Calculate the highest common divisor of 5050 and 210050.
50
Calculate the greatest common divisor of 2829 and 171462.
123
What is the greatest common divisor of 4878 and 138752?
542
What is the greatest common factor of 6 and 2492235?
3
Calculate the highest common factor of 3340 and 3841.
167
Calculate the highest common factor of 637 and 213591.
49
Calculate the greatest common divisor of 189846 and 141489.
1791
Calculate the greatest common factor of 1851 and 2496999.
1851
Calculate the greatest common divisor of 226 and 661841.
113
Calculate the highest common divisor of 77136 and 192.
48
Calculate the highest common factor of 153 and 169533.
9
What is the greatest common divisor of 8636663 and 119?
119
What is the greatest common factor of 742 and 550193?
371
What is the highest common factor of 30912 and 1173?
69
What is the highest common factor of 165 and 1534005?
165
What is the greatest common factor of 570 and 6330?
30
Calculate the highest common divisor of 2629 and 33.
11
What is the greatest common factor of 417 and 496369?
139
Calculate the highest common factor of 379044 and 24.
12
What is the greatest common factor of 60702 and 1742?
134
Calculate the greatest common factor of 8 and 73394.
2
What is the highest common divisor of 245 and 521605?
245
Calculate the highest common divisor of 1960 and 2088380.
980
Calculate the greatest common factor of 48139 and 145613.
299
What is the greatest common divisor of 30 and 206450?
10
Calculate the greatest common divisor of 3950 and 6952.
158
Calculate the greatest common factor of 2828 and 8918.
14
Calculate the highest common divisor of 3317 and 9393.
31
What is the highest common divisor of 39 and 200915?
13
Calculate the greatest common factor of 3813 and 673671.
123
Calculate the greatest common divisor of 14540341 and 347.
347
Calculate the greatest common divisor of 64 and 43808.
32
W